11
Suppose -4*l = -92 - 12. List the prime factors of l.
2, 13
Let b(o) = -81*o**3 - o**2 + o + 1. What are the prime factors of b(-1)?
2, 5
Suppose -c = -y - 3*y + 20, -5*c = -3*y + 15. Suppose 3*d + c*d - 60 = 0. What are the prime factors of d?
2, 5
Let m(q) be the third derivative of -5*q**4/6 + 7*q**3/6 + 4*q**2. Let p(b) = 7*b - 2. Let y(f) = -3*m(f) - 8*p(f). What are the prime factors of y(5)?
3, 5
Suppose -19*r = -17*r - 598. What are the prime factors of r?
13, 23
Let r = 5 + -11. What are the prime factors of 3/(-18) - 259/r?
43
Suppose 0 = 4*d - d - 9. Suppose -22 = d*q + 2*l - 7, 0 = -3*q + 3*l. List the prime factors of ((-10)/6*q)/1.
5
Suppose q = -l - 0*q - 14, -2*q = 4*l + 58. List the prime factors of l/(-6)*(-176)/(-20).
2, 11
Let m = 123 + -51. List the prime factors of m.
2, 3
Let h = -13 - -17. Suppose 3*l = h*l - 17. What are the prime factors of l?
17
Suppose -12 = -2*h + h. What are the prime factors of h?
2, 3
Let l(r) = 2*r**2 - r - 1. List the prime factors of l(-1).
2
What are the prime factors of (-292)/(-7) - 6/(-21)?
2, 3, 7
Let o = 489 - 311. What are the prime factors of o?
2, 89
Let j(h) = h**2 - 8*h + 2. Let o(k) = -2*k**2 + 17*k - 3. Let d(a) = 5*j(a) + 2*o(a). Let z be d(-6). Suppose 5*y = y + z. What are the prime factors of y?
19
Let q(g) = -2*g + 4. Let r be q(7). Let i = -15 - r. Let p(o) = -2*o + 2. What are the prime factors of p(i)?
2, 3
Let h(r) = -r**2 - 9*r - 20. Let g be h(-8). Suppose -5*w + 97 = -5*d - 2*w, -3*d = -4*w + 56. Let z = g - d. List the prime factors of z.
2
Let l = 8 - 7. Let q be (l + 0)/(6/222). Let s = q - 22. List the prime factors of s.
3, 5
Suppose 0 = -2*c - 2*c - 16. Let g = 1 - c. Let u(s) = -s**3 + 4*s**2 + 7*s - 6. List the prime factors of u(g).
2
Let p = -46 - -83. List the prime factors of p.
37
Let z(a) = 2*a**2 - 6 + a + 1 + 0 + 4. Suppose -2*t = -3*k + t, 0 = -5*k + 2*t - 9. List the prime factors of z(k).
2, 7
Let b = 0 - -1. Suppose -3*c - b = 5. What are the prime factors of (-6 + 0 - 2)/c?
2
Let d(a) = a**2 + 4*a - 2. Let j(k) = 2*k**2 + k - 1. Let v be j(-2). Let x be (-27)/5 + 2/v. List the prime factors of d(x).
3
Let c = 25 - 18. Suppose 3*x - c*x = -188. List the prime factors of x.
47
Suppose 0 = -f - 4*f + 330. What are the prime factors of f?
2, 3, 11
Suppose -190 - 96 = -11*j. List the prime factors of j.
2, 13
Suppose 4*l - 142 = -18. Let m = l + 3. What are the prime factors of m?
2, 17
Suppose 42 = h - 1. List the prime factors of h.
43
Suppose -3*b + 0*b - 2*i = -385, -8 = -4*i. What are the prime factors of b?
127
Let w(z) be the third derivative of 7*z**5/60 - 2*z**2. Let n be w(1). What are the prime factors of 8/(-28) - (-72)/n?
2, 5
What are the prime factors of 4 + 133 - (2 + 2)*-1?
3, 47
Suppose -5*y - 409 - 112 = -2*o, -4*o + 4*y + 1012 = 0. What are the prime factors of o?
2, 31
Suppose 4*u = -4*b - u + 552, 16 = 4*u. List the prime factors of b.
7, 19
Let y(f) = 2*f**3 - 4*f**2 - f. Suppose 0 = -2*n + 3*n - 4. Let z(h) = -3*h**3 + 4*h**2 + h. Let t(w) = n*y(w) + 3*z(w). What are the prime factors of t(-4)?
2
Let u(x) = -x + 2. Let l be u(0). Suppose 2*o + l*c = c - 56, 5*c + 72 = -2*o. Let p = -14 - o. List the prime factors of p.
2, 3
Let f(t) = -2 + 2*t - 4*t - 2 - 1. Let u be f(-4). Suppose 4*s + u*p - 64 = -s, -4*s - 5*p = -59. What are the prime factors of s?
11
Suppose 0 = 2*o - 4*m - 31 - 31, -3*o = -4*m - 93. Let i = o + -11. What are the prime factors of i?
2, 5
What are the prime factors of 6*-3*(-4)/24?
3
Let i = 12 + -9. Suppose 4*j + i = 67. List the prime factors of j.
2
Let b be 0/2*1/(-2). Let j be (-5 + 4)*(1 + b). Let c = j + 12. List the prime factors of c.
11
Let b = -5 - 0. Let a(d) = 2*d**2 + 2*d - 3. Let p be a(b). Let u = p + -25. List the prime factors of u.
2, 3
Let f(k) = -k + 9. Let o(w) = 3*w + 1. Let h be o(2). List the prime factors of f(h).
2
Suppose 16*m - 215 = 11*m. List the prime factors of m.
43
Let r(g) = -g + 3. Let x be r(-5). Suppose 36 = 4*f - c, 5*f - 2*c - x = 34. List the prime factors of f.
2, 5
Let c(n) = 2*n + 8. Let s be c(5). Suppose l = -2*a + s, 2*a + 2*l - 22 = -l. List the prime factors of a.
2
Let i = 0 - 12. Let o = i - -22. What are the prime factors of o?
2, 5
Suppose -503 = -4*f - f - 4*p, -2*p - 491 = -5*f. What are the prime factors of f?
3, 11
Suppose 2*q + 54 = -4*n, 5*q - 3*q + 70 = 4*n. Let y be (-2)/(-11) - q/11. Suppose -4*k + z - y*z + 40 = 0, 5*z = -2*k + 20. List the prime factors of k.
2, 5
Suppose d - 129 = -5*m, -2*m + 8 + 2 = 0. List the prime factors of d.
2, 13
Let c be (1 - 2) + 9 + 0. Suppose 2*n + 168 - 36 = 4*l, -5*l + 4*n + 165 = 0. Suppose -3*g - 9 = 0, 0 = 3*j - c*j - 4*g + l. List the prime factors of j.
3
Suppose 103 - 15 = 2*k. List the prime factors of k.
2, 11
Let b = -5 - -7. Let i = b + -2. Suppose i = -0*m - 2*m + 22. List the prime factors of m.
11
Let q(y) = y**2 + 2*y - 2. Let a(x) = 4*x. Let g(m) = -9*m - 1. Let l(n) = -5*a(n) - 2*g(n). Let r be l(3). List the prime factors of q(r).
2, 3
Suppose 2*i - 3*s - 3 = 5, 3*i - 34 = -s. Let f = -7 + i. Suppose -f*c + 0*u + 3*u + 33 = 0, -4*c + 3*u = -47. What are the prime factors of c?
2, 7
Let y(w) = w + 1. Let n be y(-1). Let f be ((-5)/(-3))/((-1)/(-12)). Suppose n = l + l - f. List the prime factors of l.
2, 5
Suppose 1 = 3*h - 5. Let y = 5 + -2. Suppose h*q - 30 = -y*q. What are the prime factors of q?
2, 3
Let q(a) = 55*a. Let n be q(1). Suppose 0 = z - 6 + 1. Suppose 0*j + n = z*j. What are the prime factors of j?
11
Suppose 4*r + 0*r = 20. What are the prime factors of (-2)/r - 126/(-15)?
2
Let c(v) = v**2 + 10*v - 8. Let w be c(-11). What are the prime factors of (-10 - w)/(1 - 2)?
13
Let t(c) = c**2 - 7*c + 5. Let h be t(5). Let u(x) = -x**3 - 5*x**2 - 3*x + 3. Let r be u(h). Let d = r + -4. What are the prime factors of d?
2, 7
Let f = 164 + -83. What are the prime factors of f?
3
Let s = -34 + 50. What are the prime factors of s?
2
Let g(z) = z**3 - 6*z**2 - 7*z. Let d be g(7). Let v(w) = 2 + w - 6*w + w**2 + d. List the prime factors of v(6).
2
Let s(z) = 13*z**2 + 2*z - 4. Let w be s(-4). Suppose w = r + 3*r. List the prime factors of r.
7
List the prime factors of -1*(1 - (-18)/(-3)).
5
Suppose 0 = -10*j + 6*j + 112. List the prime factors of j.
2, 7
Let n(s) = -3*s**2 + s. Let r be n(1). Let v be r/(-4) - 6/(-4). Suppose -v*f - 6 = -4*f. What are the prime factors of f?
3
Suppose 0 = 2*x + 8, -b - x - 6 = -4. Let i(r) = 2*r**2 - 3*r + 3. What are the prime factors of i(b)?
5
Suppose 2*f + m - 25 = -3, -5*m + 10 = 0. Let c = 19 - f. What are the prime factors of c?
3
Let v be (-4 + 6)/(4/(-22)). Let p = -16 - v. List the prime factors of 114/10 - (-2)/p.
11
Let y = 55 - 36. Let w = y + -9. List the prime factors of w.
2, 5
Let g = 8 + -2. List the prime factors of (-3)/g*-8 + -1.
3
Let u(p) = -p**3 - 3*p**2 + 4*p. Let s = -2 - 2. Let y be u(s). List the prime factors of (-1 - y)/((-2)/4).
2
Let v = 5 + -3. Suppose -v*u - 33 = -5*u. What are the prime factors of u?
11
What are the prime factors of 7/((-488)/164 + 3)?
7, 41
Suppose k = -6*a + 3*a + 327, -2*a = -2*k - 218. What are the prime factors of a?
109
Suppose -8 = -3*d + 7. Suppose -3*c = -i + 2*c + 41, -d*c = -3*i + 73. List the prime factors of i.
2
Let n = 5 - -6. List the prime factors of n.
11
Suppose -34 = -4*r + 2*r. What are the prime factors of (-2)/3 + r/3?
5
Let k be (6 - 2)*9/2. Suppose -t = t + k. List the prime factors of (0 + t/3)/(-1).
3
Let x be (6 + 2 + -3)*1. Suppose 70 = -0*l + x*l + 4*c, 5*l - 4*c = 110. What are the prime factors of 1 + (-2 - (2 - l))?
3, 5
Suppose -c + 5*g + 2 = 0, -3*g + 4*g - 15 = -2*c. Let d = c + 5. List the prime factors of d.
2, 3
Suppose -3*v + 655 = 2*g - 132, 0 = 4*g - v - 1581. List the prime factors of g.
5, 79
Let h be (12/(-10))/(8/(-20)). Suppose -f - 16 = -h*f. What are the prime factors of f?
2
Let k(i) = -7*i + 3. Let h(c) = c**3 - 6*c**2 - 7*c - 4. Let n be h(7). List the prime factors of k(n).
31
Let z(n) = -n + 5. Let b(q) = q**2 + 9*q + 8. Let d be b(-8). List the prime factors of z(d).
5
Let f(w) = w**3 + 4*w**2 - 2*w - 3. Let l be f(-4). Suppose -8 = -l*i + 57. What are the prime factors of i?
13
Suppose 4*r = -0 - 4. Let o be (-3 - r)/((-1)/(-2)). Let j = o - -6. 